{"id":611,"date":"2024-12-19T06:21:48","date_gmt":"2024-12-19T06:21:48","guid":{"rendered":"https:\/\/lccy.org\/?post_type=homilies&#038;p=611"},"modified":"2024-12-19T15:26:19","modified_gmt":"2024-12-19T15:26:19","slug":"homilia-pontificale","status":"publish","type":"homilies","link":"https:\/\/lccy.org\/el\/sermons\/homilia-pontificale\/","title":{"rendered":"Homilia Pontificale"},"content":{"rendered":"\n<p class=\"wp-block-paragraph\">Eminenze, Eccellenze, Fratelli vescovi, presbiteri<\/p>\n\n\n\n<p class=\"wp-block-paragraph\">Confratelli francescani<\/p>\n\n\n\n<p class=\"wp-block-paragraph\">Rev.mo Padre Custode P. Francesco Patton<\/p>\n\n\n\n<p class=\"wp-block-paragraph\">Fratelli e sorelle<\/p>\n\n\n\n<p class=\"wp-block-paragraph\">Il Signore vi dia pace!<\/p>\n\n\n\n<p class=\"wp-block-paragraph\">&nbsp;&nbsp;&nbsp;&nbsp;&nbsp;&nbsp;&nbsp;&nbsp;&nbsp; Con gioia e confesso con un po\u2019 commosso mi rivolgo oggi per la prima volta come vescovo alla mia comunit\u00e0 cattolica di Cipro. La comunit\u00e0, la porzione di Chiesa a me affidata: frati, presbiteri, religiose, famiglie, comunit\u00e0 di latina cipriota, fratelli di diverse nazionalit\u00e0: filippine, Sri Lanka, India, Nigeria, Kongo, di altri diversi paesi dell\u2019Africa, Irlanda, Inghilterra, Italia, altri paesi dell\u2019Europa, Latini americani\u2026 e devo fermarmi perch\u00e9 c\u2019\u00e8 il rischio che mi dimentichi di qualche nazione di cattolici presenti nell\u2019Isola\u2026 davvero una grande ricchezza la nostra Chiesa di Cipro. Ancora pi\u00f9 ricca perch\u00e9 siamo con la ricchezza di due riti: Maronita e latino. Ringrazio Sua Eccellenza Mons. Selim e a tutta la Chiesa Maronita per essere qui con me, e assieme testimoniare l\u2019Unit\u00e0 della Chiesa Cattolica\u2026 si davvero siamo una sola Chiesa Cattolica a Cipro. E oggi siamo ancora pi\u00f9 completi, perch\u00e9 sar\u00e0 istituita la parrocchia per i fedeli Ukraini presenti nell\u2019Isola.<\/p>\n\n\n\n<p class=\"wp-block-paragraph\">Davvero il volto della nostra Chiesa \u00e8 davvero particolare, per\u00f2 posso dire che \u00e8 davvero bella la nostra Chiesa\u2026 Per\u00f2 non lascia di essere complessa, con tante sfide\u2026 Per questo oggi sono Incoraggiato e accompagnato dai fratelli vescovi, dei miei confratelli francescani, dal Padre Custode, dai presbiteri amici, dai miei famigliari, amici, dalle suore. Davvero mi sento sostenuto dalla vostra amicizia\u2026<\/p>\n\n\n\n<p class=\"wp-block-paragraph\">Fratelli e sorelle, sono davvero contento di poter condividere con voi la Parola di Dio in questa 11 domenica del tempo Ordinario\u2026 si fratelli e sorelle che venite da fuori, per noi \u00e8 ancora il tempo Ordinario.<\/p>\n\n\n\n<p class=\"wp-block-paragraph\">E il &nbsp;Vangelo di San Marco ci ricorda che il regno di Dio \u00e8 in mezzo a noi e che, nonostante la sua lentezza iniziale, si sviluppa irresistibilmente, fino a raggiungere col tempo la sua pienezza. \u00abCresce ogni giorno, grazie a chi lo testimonia senza fare rumore (in silenzio), pregando e vivendo con fede i nostri impegni in famiglia, al lavoro, nelle nostre comunit\u00e0.<\/p>\n\n\n\n<p class=\"wp-block-paragraph\">Senza mettersi d\u2019accordo, e davvero per l\u2019azione dello Spirito Santo, questo \u00e8 stato uno dei testi evangelici che ha scelto il mio predicatore degli esercizi spirituali in preparazione all\u2019Ordinazione. Sua Eccellenza Mons. Ricardo Boccardo ha molto insistito: il ministero del Vescovo, del pastore, si accresce ogni volta che mettiamo Ges\u00f9 al centro della nostra esistenza, ogni volta che compiamo gesti concreti di carit\u00e0,&nbsp;ogni volta che perdoniamo, ogni volta che ci mettiamo al servizio della Chiesa. Il suo regno \u00e8 presente in mezzo a noi e agisce anche se la sua azione a volte ci appare insignificante.&nbsp;Non dobbiamo farci prendere dall\u2019ansia del fare, dal voler tutto e subito, ma essere fiduciosi in Dio e avere la pazienza dell\u2019attesa. Grazie Mons. Renato Boccardo\u2026. E ringrazio il mio padre Custode che dopo la nomina mi ha detto: Bruno, come ultima obbedienza, vai a Montefalco, in Umbria (Italia), per gli esercizi spirituali\u2026. Grazie davvero\u2026 \u00e8 stato un dono del Signore.<\/p>\n\n\n\n<p class=\"wp-block-paragraph\">Si, fratelli e sorelle a siamo la minoranza a Cipro. Le nostre azioni pastorali sono piccoli passi. Eravamo contenti con \u201cSorella Roli e sorella Aurora\u201d, che abbiamo 60 adolescenti e giovani che si preparano per il pellegrinaggio a Compostella (numeri che per alcuni di voi non significa nulla), ma per noi \u00e8 un bel inizio. E tante altre iniziativi \u2026. Ma il segreto \u00e8 che sia Ges\u00f9 al centro. \u00c8 Lui la forza della Parola, perch\u00e9 \u00e8 Lui la Parola\u2026 il protagonista \u00e8 Lui\u2026 Nella nostra Chiesa di Cipro, vogliamo mettere&nbsp; al Centro la Parola. \u00c8 il lemma che ho scelto per il Episcopato: \u201cSucumdum Verbum Tuum\u201d, \u201cSecondo la Tua Parola\u2026.<\/p>\n\n\n\n<p class=\"wp-block-paragraph\">Come diceva il beato Carlos Acutis: Non io ma Dio\u2026. Si fratelli e sorelle, questo \u00e8 il segreto per la soluzioni ti tante delle &nbsp;nostre difficolt\u00e0 pastorali. Mettere al centro Dio, la Sua Parola. Non i nostri gruppi, i nostri progetti personali, nemmeno i nostri rancori e le cose che sono successe nel passato\u2026 situazioni che ci portano al pessimismo, alla chiusura. E non volere fare nulla di nuovo.<\/p>\n\n\n\n<p class=\"wp-block-paragraph\">Infine, vorrei concludere &nbsp;con le stesse parole del mio ringraziamento di ieri sera: Grazie\u2026 \u201cEphkarist\u00f2 pouli\u201d\u2026. Amati fratelli e sorelle, cominciamo a servire il Signore, cercando insieme il volto del Padre, per essere testimoni autentici della gioia di appartenere al suo Figlio Ges\u00f9 Cristo, alla sua Chiesa, e per me la gioia di servire la Chiesa di Cipro\u2026. Amen!<\/p>\n","protected":false},"featured_media":704,"template":"","class_list":["post-611","homilies","type-homilies","status-publish","has-post-thumbnail","hentry"],"acf":[],"_links":{"self":[{"href":"https:\/\/lccy.org\/el\/wp-json\/wp\/v2\/homilies\/611","targetHints":{"allow":["GET"]}}],"collection":[{"href":"https:\/\/lccy.org\/el\/wp-json\/wp\/v2\/homilies"}],"about":[{"href":"https:\/\/lccy.org\/el\/wp-json\/wp\/v2\/types\/homilies"}],"wp:featuredmedia":[{"embeddable":true,"href":"https:\/\/lccy.org\/el\/wp-json\/wp\/v2\/media\/704"}],"wp:attachment":[{"href":"https:\/\/lccy.org\/el\/wp-json\/wp\/v2\/media?parent=611"}],"curies":[{"name":"wp","href":"https:\/\/api.w.org\/{rel}","templated":true}]}}

<p class="wp-block-paragraph">Eminenze, Eccellenze, Fratelli vescovi, presbiteri</p>



<p class="wp-block-paragraph">Confratelli francescani</p>



<p class="wp-block-paragraph">Rev.mo Padre Custode P. Francesco Patton</p>



<p class="wp-block-paragraph">Fratelli e sorelle</p>



<p class="wp-block-paragraph">Il Signore vi dia pace!</p>



<p class="wp-block-paragraph">&nbsp;&nbsp;&nbsp;&nbsp;&nbsp;&nbsp;&nbsp;&nbsp;&nbsp; Con gioia e confesso con un po’ commosso mi rivolgo oggi per la prima volta come vescovo alla mia comunità cattolica di Cipro. La comunità, la porzione di Chiesa a me affidata: frati, presbiteri, religiose, famiglie, comunità di latina cipriota, fratelli di diverse nazionalità: filippine, Sri Lanka, India, Nigeria, Kongo, di altri diversi paesi dell’Africa, Irlanda, Inghilterra, Italia, altri paesi dell’Europa, Latini americani… e devo fermarmi perché c’è il rischio che mi dimentichi di qualche nazione di cattolici presenti nell’Isola… davvero una grande ricchezza la nostra Chiesa di Cipro. Ancora più ricca perché siamo con la ricchezza di due riti: Maronita e latino. Ringrazio Sua Eccellenza Mons. Selim e a tutta la Chiesa Maronita per essere qui con me, e assieme testimoniare l’Unità della Chiesa Cattolica… si davvero siamo una sola Chiesa Cattolica a Cipro. E oggi siamo ancora più completi, perché sarà istituita la parrocchia per i fedeli Ukraini presenti nell’Isola.</p>



<p class="wp-block-paragraph">Davvero il volto della nostra Chiesa è davvero particolare, però posso dire che è davvero bella la nostra Chiesa… Però non lascia di essere complessa, con tante sfide… Per questo oggi sono Incoraggiato e accompagnato dai fratelli vescovi, dei miei confratelli francescani, dal Padre Custode, dai presbiteri amici, dai miei famigliari, amici, dalle suore. Davvero mi sento sostenuto dalla vostra amicizia…</p>



<p class="wp-block-paragraph">Fratelli e sorelle, sono davvero contento di poter condividere con voi la Parola di Dio in questa 11 domenica del tempo Ordinario… si fratelli e sorelle che venite da fuori, per noi è ancora il tempo Ordinario.</p>



<p class="wp-block-paragraph">E il &nbsp;Vangelo di San Marco ci ricorda che il regno di Dio è in mezzo a noi e che, nonostante la sua lentezza iniziale, si sviluppa irresistibilmente, fino a raggiungere col tempo la sua pienezza. «Cresce ogni giorno, grazie a chi lo testimonia senza fare rumore (in silenzio), pregando e vivendo con fede i nostri impegni in famiglia, al lavoro, nelle nostre comunità.</p>



<p class="wp-block-paragraph">Senza mettersi d’accordo, e davvero per l’azione dello Spirito Santo, questo è stato uno dei testi evangelici che ha scelto il mio predicatore degli esercizi spirituali in preparazione all’Ordinazione. Sua Eccellenza Mons. Ricardo Boccardo ha molto insistito: il ministero del Vescovo, del pastore, si accresce ogni volta che mettiamo Gesù al centro della nostra esistenza, ogni volta che compiamo gesti concreti di carità,&nbsp;ogni volta che perdoniamo, ogni volta che ci mettiamo al servizio della Chiesa. Il suo regno è presente in mezzo a noi e agisce anche se la sua azione a volte ci appare insignificante.&nbsp;Non dobbiamo farci prendere dall’ansia del fare, dal voler tutto e subito, ma essere fiduciosi in Dio e avere la pazienza dell’attesa. Grazie Mons. Renato Boccardo…. E ringrazio il mio padre Custode che dopo la nomina mi ha detto: Bruno, come ultima obbedienza, vai a Montefalco, in Umbria (Italia), per gli esercizi spirituali…. Grazie davvero… è stato un dono del Signore.</p>



<p class="wp-block-paragraph">Si, fratelli e sorelle a siamo la minoranza a Cipro. Le nostre azioni pastorali sono piccoli passi. Eravamo contenti con “Sorella Roli e sorella Aurora”, che abbiamo 60 adolescenti e giovani che si preparano per il pellegrinaggio a Compostella (numeri che per alcuni di voi non significa nulla), ma per noi è un bel inizio. E tante altre iniziativi …. Ma il segreto è che sia Gesù al centro. È Lui la forza della Parola, perché è Lui la Parola… il protagonista è Lui… Nella nostra Chiesa di Cipro, vogliamo mettere&nbsp; al Centro la Parola. È il lemma che ho scelto per il Episcopato: “Sucumdum Verbum Tuum”, “Secondo la Tua Parola….</p>



<p class="wp-block-paragraph">Come diceva il beato Carlos Acutis: Non io ma Dio…. Si fratelli e sorelle, questo è il segreto per la soluzioni ti tante delle &nbsp;nostre difficoltà pastorali. Mettere al centro Dio, la Sua Parola. Non i nostri gruppi, i nostri progetti personali, nemmeno i nostri rancori e le cose che sono successe nel passato… situazioni che ci portano al pessimismo, alla chiusura. E non volere fare nulla di nuovo.</p>



<p class="wp-block-paragraph">Infine, vorrei concludere &nbsp;con le stesse parole del mio ringraziamento di ieri sera: Grazie… “Ephkaristò pouli”…. Amati fratelli e sorelle, cominciamo a servire il Signore, cercando insieme il volto del Padre, per essere testimoni autentici della gioia di appartenere al suo Figlio Gesù Cristo, alla sua Chiesa, e per me la gioia di servire la Chiesa di Cipro…. Amen!</p>
